{"id":788,"date":"2015-03-15T09:37:52","date_gmt":"2015-03-15T08:37:52","guid":{"rendered":"http:\/\/www.haggadalensfiber.se\/?page_id=788"},"modified":"2022-01-29T11:53:06","modified_gmt":"2022-01-29T10:53:06","slug":"tjanster-i-natet-hyresgaster","status":"publish","type":"page","link":"https:\/\/www.haggadalensfiber.se\/?page_id=788","title":{"rendered":"Tj\u00e4nster i n\u00e4tet &#8211; Hyresg\u00e4ster"},"content":{"rendered":"<h1><img loading=\"lazy\" decoding=\"async\" class=\"alignnone size-full wp-image-324\" src=\"https:\/\/www.haggadalensfiber.se\/wp-content\/uploads\/2014\/06\/httpbanner.jpg\" alt=\"httpbanner\" width=\"600\" height=\"184\" \/><\/h1>\n<h1>Har din hyresv\u00e4rd installerat fiber fr\u00e5n H\u00e4gg\u00e5dalens fiberf\u00f6rening?<\/h1>\n<div class=\"text_exposed_show\">\n<div class=\"text_exposed_show\">\n<p>Kontakta din hyresv\u00e4rd f\u00f6r aktuella erbjudanden. H\u00e4gg\u00e5dalens fiberf\u00f6rening s\u00e4ljer inte l\u00e4ngre tj\u00e4nster till hyresg\u00e4ster utan endast till fastighets\u00e4garen &#8211; medlemmen i f\u00f6reningen.<\/p>\n<p>Du som hyresg\u00e4st har i de flesta fall tillg\u00e5ng till <a href=\"https:\/\/openinfo.netatonce.net\/home\">Netatonce \u00d6ppna n\u00e4t<\/a> f\u00f6r k\u00f6p av internettj\u00e4nster.<\/p>\n<\/div>\n<\/div>\n","protected":false},"excerpt":{"rendered":"<p>Har din hyresv\u00e4rd installerat fiber fr\u00e5n H\u00e4gg\u00e5dalens fiberf\u00f6rening? Kontakta din hyresv\u00e4rd f\u00f6r aktuella erbjudanden. H\u00e4gg\u00e5dalens fiberf\u00f6rening s\u00e4ljer inte l\u00e4ngre tj\u00e4nster till hyresg\u00e4ster utan endast till fastighets\u00e4garen &#8211; medlemmen i f\u00f6reningen. Du som hyresg\u00e4st har i de flesta fall tillg\u00e5ng till Netatonce \u00d6ppna n\u00e4t f\u00f6r k\u00f6p av internettj\u00e4nster.<\/p>\n","protected":false},"author":2,"featured_media":0,"parent":1631,"menu_order":20,"comment_status":"closed","ping_status":"closed","template":"","meta":{"footnotes":""},"class_list":["post-788","page","type-page","status-publish","hentry"],"_links":{"self":[{"href":"https:\/\/www.haggadalensfiber.se\/index.php?rest_route=\/wp\/v2\/pages\/788","targetHints":{"allow":["GET"]}}],"collection":[{"href":"https:\/\/www.haggadalensfiber.se\/index.php?rest_route=\/wp\/v2\/pages"}],"about":[{"href":"https:\/\/www.haggadalensfiber.se\/index.php?rest_route=\/wp\/v2\/types\/page"}],"author":[{"embeddable":true,"href":"https:\/\/www.haggadalensfiber.se\/index.php?rest_route=\/wp\/v2\/users\/2"}],"replies":[{"embeddable":true,"href":"https:\/\/www.haggadalensfiber.se\/index.php?rest_route=%2Fwp%2Fv2%2Fcomments&post=788"}],"version-history":[{"count":15,"href":"https:\/\/www.haggadalensfiber.se\/index.php?rest_route=\/wp\/v2\/pages\/788\/revisions"}],"predecessor-version":[{"id":2296,"href":"https:\/\/www.haggadalensfiber.se\/index.php?rest_route=\/wp\/v2\/pages\/788\/revisions\/2296"}],"up":[{"embeddable":true,"href":"https:\/\/www.haggadalensfiber.se\/index.php?rest_route=\/wp\/v2\/pages\/1631"}],"wp:attachment":[{"href":"https:\/\/www.haggadalensfiber.se\/index.php?rest_route=%2Fwp%2Fv2%2Fmedia&parent=788"}],"curies":[{"name":"wp","href":"https:\/\/api.w.org\/{rel}","templated":true}]}}